z = j*q. What is the remainder when 10 is divided by q?
4
Let f = 25 - -6. What is the remainder when f is divided by 8?
7
What is the remainder when (-1530)/36*8/(-10) is divided by 9?
7
Suppose 2*m - 28 = -4*p + 10, 5*p = m - 12. Calculate the remainder when 26 is divided by m.
9
Let z(v) = 8*v**3 - v**2. Let w be z(1). Suppose w*r = 2*r + 205. What is the remainder when r is divided by 14?
13
Let t(a) be the third derivative of a**4/12 + a**3/3 + 2*a**2. What is the remainder when t(3) is divided by (1/((-2)/(-10)))/1?
3
Let r be (-6 - -6)/(2 + -1). Suppose o + g + g - 22 = 0, r = 3*o + 3*g - 57. Calculate the remainder when 47 is divided by o.
15
Let i = -15 - -13. Calculate the remainder when 21 is divided by (-3 - i)*-3 - -5.
5
Let a(b) = 4*b**2 - b + 3. What is the remainder when a(-2) is divided by 11?
10
Suppose -3*q + 45 = 3*t, 0*q + 4*t = 5*q - 57. Let v(s) = s + 25. Let y = 1 + -1. Calculate the remainder when v(y) is divided by q.
12
Suppose 14 + 14 = 4*o + 4*r, 3*o + 9 = 3*r. Calculate the remainder when 12 is divided by o.
0
Let v = 44 - 13. Suppose v = 3*y - 29. What is the remainder when 59 is divided by y?
19
Let n(i) = 2*i**2 + 3*i - 10. What is the remainder when n(7) is divided by 37?
35
Let z = 2 - -3. Suppose 0 = -z*x + 47 + 3. Calculate the remainder when 19 is divided by x.
9
Calculate the remainder when ((-18)/15)/((-3)/80) is divided by 18.
14
Let o = -203 + 291. Calculate the remainder when o is divided by 24.
16
Calculate the remainder when 669/15 - 6/(-15) is divided by 12.
9
What is the remainder when (-54)/(-4)*(-34)/(-17) is divided by 11?
5
Calculate the remainder when 5 is divided by 12/(-10)*(-5)/2.
2
Suppose -5*q - 25 = 0, -v + 4*q + 63 = -88. What is the remainder when v is divided by 34?
29
Let y(h) = h + 3. Let q be y(-5). Calculate the remainder when (-92)/q + 20/10 is divided by 17.
14
Suppose -3*d - 29 = 34. Let p = d + 42. What is the remainder when 60 is divided by p?
18
Let q be 3 + 0 + 0 + 1. Suppose 0 = -6*p + 3*p + q*s + 87, -p + 4*s + 21 = 0. Calculate the remainder when p is divided by 9.
6
Let w = 14 + 15. Suppose -l - 24 = -3*k + 2*l, 3*k = -l + 24. What is the remainder when w is divided by k?
5
Suppose 3*z = i + 39, 0 = -0*z + 2*z - 4*i - 16. What is the remainder when z is divided by 5?
4
Suppose 2*c = 3*c - 2. Suppose -21 = -c*t + 5. Calculate the remainder when t is divided by 7.
6
Let u(m) = -2*m**3 + 2*m**2 - 2*m + 2. Let q be u(2). Let s(z) = z**2 + 11*z + 15. Calculate the remainder when (1 - (-2 - 5)) + 0 is divided by s(q).
3
Suppose 2*k - 186 = -4*k. Calculate the remainder when k is divided by 11.
9
Let q(s) = 4*s - 82. What is the remainder when q(26) is divided by 5?
2
Suppose -43 = -2*w + 21. Let b(y) be the first derivative of 7*y**2/2 - 3*y + 5. Calculate the remainder when w is divided by b(2).
10
Suppose -5*k + 4*y = -86 - 73, 0 = -2*k + y + 66. What is the remainder when 67 is divided by k?
32
Let u be (-2 - -2) + (1 - -13). Suppose 3*y - u = 70. Calculate the remainder when y is divided by 10.
8
Suppose 57 = 4*c - 23. Let f(a) = a + 6. Let o be f(-6). Suppose o = 2*j, -31 = -t - 2*j + 7. What is the remainder when t is divided by c?
18
Let k(o) = o**2 + 5*o + 4. Let q be k(-6). Let m(l) = -l**3 - 3*l**2 + 2*l - 4. Let a be m(-4). Let u = q - a. Calculate the remainder when 23 is divided by u.
5
Let m be (-10)/3*126/(-5). Suppose 4*t = t + m. Suppose -2 = 2*o, -3*h - 5*o = -24 - 1. Calculate the remainder when t is divided by h.
8
Let m(c) = 2*c**3 + 18*c**2 - 4*c - 8. Calculate the remainder when m(-9) is divided by 18.
10
Let a = -63 + 88. Calculate the remainder when a is divided by 6*(-1 - 5/(-2)).
7
Calculate the remainder when (312/12)/(1/5*2) is divided by 17.
14
Suppose p - 14 = 2*l + 15, 4*p + 5*l = 103. Calculate the remainder when p is divided by 15.
12
Suppose -t + f = -2, -t - 5*f - 2 - 2 = 0. Suppose -i + 3 = 2*x, 4*x - 1 - 7 = -4*i. Calculate the remainder when t is divided by x.
0
Suppose -4*c + 160 + 144 = 0. Calculate the remainder when c is divided by 11.
10
Suppose 4*a = a + 150. What is the remainder when a is divided by (12/(-3) - -2) + 15?
11
Let s(d) = -d**3 + 7*d**2 + 11*d - 2. Calculate the remainder when s(8) is divided by 12.
10
Let q(v) be the first derivative of -v**2 - 3*v + 2. Suppose 3*o + 0 = 6. Calculate the remainder when q(-3) is divided by o.
1
Let z(r) = -2*r**3 - 10*r**2 - 3*r - 5. What is the remainder when 24 is divided by z(-5)?
4
Suppose 3*u + u = -b + 152, 3*b = u - 38. Let l(s) = -s**2 + 13*s - 16. Let r be l(12). Calculate the remainder when u is divided by (-4)/r*(19 + 1).
18
Let a(p) = -19*p + 1. Let x be a(1). Let v(l) = -l**2 + l - 6. Let c be v(6). Let o = x - c. What is the remainder when 35 is divided by o?
17
Let x(z) = z**2 + z - 9. What is the remainder when x(-7) is divided by 9?
6
Suppose 0 = -0*q - 3*q + 225. What is the remainder when q is divided by 26?
23
Let m = -13 - -23. What is the remainder when 37 is divided by m?
7
Suppose 4*o - 124 - 108 = 0. Suppose 2*z - o = -4*k, 2*z = -2*z + 20. What is the remainder when (-2)/(-11) - 480/(-22) is divided by k?
10
Let h = 63 + -12. Calculate the remainder when h is divided by 13.
12
Suppose l - 3*l + 8 = 0. Suppose -7 = c - 2*c. What is the remainder when c is divided by l?
3
Let t = -9 - -24. What is the remainder when t is divided by 8?
7
Suppose -4*p + 46 = -46. What is the remainder when 68 is divided by p?
22
Suppose 10*q + 130 = 5*q. Let d = -14 - q. Suppose 0 = -3*h + u + 2*u + 69, 5*h - 101 = -2*u. What is the remainder when h is divided by d?
9
Suppose 3*p = -3*u + 6*p + 9, -2*p = -4*u + 14. Suppose 3*g - 19 = 2*k + 13, u*k - 34 = -g. Calculate the remainder when 26 is divided by g.
12
Let g(o) = -7*o**2 + 4*o - 9. Let u be g(4). Let i = u - -150. Let r = 40 - 17. What is the remainder when i is divided by r?
22
Suppose 7*t - 8 = 6. What is the remainder when 3 is divided by t?
1
Let j(r) = -6 + 2 - 5 + 0 + 4*r. Let y be j(6). Suppose -29 = -4*b + y. What is the remainder when 32 is divided by b?
10
Let p = 45 + -24. What is the remainder when (-2)/(((-4)/31)/4) is divided by p?
20
What is the remainder when 1*32 - 6/2 is divided by 8?
5
Suppose 2*d - 1 = 3*x, 2*x - d + 1 - 2 = 0. Suppose 0 = -t - 3, a - 6*a + 4*t + 32 = 0. Suppose x*q = a*q - 18. Calculate the remainder when 34 is divided by q.
16
Suppose -2*w = 18 - 76. Let p = 175 - 167. What is the remainder when w is divided by p?
5
Let a = 25 - 13. Suppose -4 = -m + 19. Calculate the remainder when m is divided by a.
11
Suppose 0 = 2*j + j. Suppose 2*o - o - 62 = j. What is the remainder when o is divided by 21?
20
Let f(u) = 4*u + 69. What is the remainder when f(-12) is divided by 7?
0
Suppose 3*h + 35 = 8*h. Calculate the remainder when 34 is divided by h.
6
Let d = 16 + -10. What is the remainder when 2 + 6 + 6/3 is divided by d?
4
Let f = 4 + -2. Suppose -5*d = -5*u - 30, 0*d - 2*d - f*u + 8 = 0. Suppose -6 + 3 = -r + 3*v, -5*r + d*v + 15 = 0. What is the remainder when 7 is divided by r?
1
Let a = -26 - -74. What is the remainder when a is divided by 17?
14
Let m = -33 - -94. Calculate the remainder when m is divided by 21.
19
Suppose 2*w = 5*m + 20, 3*w + 12 = -5*m - 8. Suppose 2*j - 3*j + 2 = w. Suppose -4*o = -j*o - 16. What is the remainder when o is divided by 3?
2
Let g be 48/72 - 169/(-3). Let s = g + -32. Calculate the remainder when s is divided by (1/1)/((-2)/(-28)).
11
Suppose -34 = 3*h - 4*k, -k - 3*k + 16 = 0. Let n = h - -8. Suppose 3*s = t - 26, t - n*s + s - 16 = 0. What is the remainder when t is divided by 4?
3
Suppose 0 = -11*i + 6*i. Suppose i = 5*y - 3*y - 8. What is the remainder when 5 is divided by y?
1
Suppose 5*v + 96 = -5*u + 511, 4*u = 5*v - 442. What is the remainder when v is divided by 22?
20
Suppose 0 = -0*i - i + 15. Let l(q) = -8*q + 4 + q + q - 2*q. Calculate the remainder when l(-5) is divided by i.
14
Let w = 225 - 138. Calculate the remainder when w is divided by 30.
27
Let l = 119 - 115. What is the remainder when 2*(0 + 11/2) is divided by l?
3
Suppose 130 = 5*o - 105. What is the remainder when o is divided by 16?
15
Suppose 95 = 8*u - 3*u. Suppose 1 = -3*i - 2. Calculate the remainder when 0 + (-57)/i + -1 is divided by u.
18
Let x(c) = c**3 - 6*c